3*a + 47. What are the prime factors of b(-9)?
659
Let o(y) = 3*y - 21. Let z be o(8). Suppose 2*c - 586 = -4*p, z*p = -3*c + 2*p + 894. What are the prime factors of c?
13, 23
Let z(n) = -n + 7. Let v be z(7). Suppose 7*p = 4*f + 2*p - 4, -f + 2*p + 1 = v. List the prime factors of f + 13 - 0/(-6).
2, 7
Let z(l) = 2*l + 218. Let j(a) = -3*a - 219. Let q(c) = 5*j(c) + 6*z(c). What are the prime factors of q(0)?
3, 71
Suppose 4*y = -4*a + 20, 3*a - 1 - 10 = -2*y. Suppose 0*g - a = g. List the prime factors of g + -1 + (39 - 1).
2, 3
Suppose -23*v + 21*v = -928. Suppose -3*z = 5*s - v, -5*z = -s - s + 167. List the prime factors of s.
7, 13
Let c(x) = 3*x + x + 2*x - 7*x. Let p be c(-3). What are the prime factors of 24 - ((-3)/p - -1)?
2, 3
Let h(c) = -c + 2. Let w be h(-17). Suppose w*a - 36 - 952 = 0. What are the prime factors of a?
2, 13
Let o be (-2 - (-2 - -1))*1. Let s be (-4)/(-10) + 24/(-10). What are the prime factors of 33 - (1 + s + o)?
5, 7
Suppose 14979 - 115379 = -40*i. List the prime factors of i.
2, 5, 251
Let d be (-6)/(-33) + 320/55. Let g be (-51)/(-12) + d/8. What are the prime factors of 1/((10/84)/g)?
2, 3, 7
Let v = 1292 + -896. List the prime factors of v.
2, 3, 11
Let c = -2543 + 4105. List the prime factors of c.
2, 11, 71
Let j(r) = 49*r**2 - 1. Let z be j(-1). Let a = -20 + z. Suppose v = 2*v - a. List the prime factors of v.
2, 7
Suppose 9*k + 5489 - 33875 = 0. What are the prime factors of k?
2, 19, 83
Let s = -136 - -299. List the prime factors of s.
163
Let d = -19 + 278. What are the prime factors of d?
7, 37
Suppose 5*f = 2*j + 14, -2*f = -4*j + 3 + 1. Let u be ((-72)/5)/(f/30). What are the prime factors of ((-3)/6)/(3/u)?
2, 3
Let r be 55 - (0 + 3 + 0). Suppose 0 = 4*p - 2*p + r. Let t = p + 46. List the prime factors of t.
2, 5
Let v = -7 + 9. Suppose 0 = -4*d - 3*h + v - 14, -4*d - 16 = 4*h. Suppose 9*a - 10*a + 7 = d. List the prime factors of a.
7
What are the prime factors of (1 + 462/(-10))/(2/(-5))?
113
Let k = 255 - -283. What are the prime factors of k?
2, 269
Suppose -2*k = k - 6. Suppose -o + 67 = -s, -k*s = -4*o + 259 + 9. List the prime factors of o.
67
Let c(w) = -w**2 - 14*w + 17. Suppose 4*j = -j + 375. Suppose -3*r = 2*r + j. List the prime factors of c(r).
2
Suppose l - 451 = 147. List the prime factors of l.
2, 13, 23
Suppose 3*b = -4*n + 4, -b - 4*n + 14 = -9*n. Suppose 0 = 3*w + w - 12. Let u = w + b. What are the prime factors of u?
7
Let q = -2431 - -7973. List the prime factors of q.
2, 17, 163
Suppose -3*x - 17 = -n - 0*x, 3*n = -2*x - 4. Let g(o) = 4*o**n + 13*o + 1 + 4*o**2 - 14*o. List the prime factors of g(-2).
5, 7
Suppose -15 = 5*k, 5*y - 2*k = 9*y - 14. Suppose -y*o = -2*j - 1096, 5*o = o + 3*j + 881. List the prime factors of o.
2, 109
Suppose 0 = -j + 6 + 27. Suppose 5*d - 2*d = 3*x - j, 6 = -3*d. Suppose 0 = -3*z + 27 - x. What are the prime factors of z?
2, 3
Suppose -31*a = 15*a - 32706. What are the prime factors of a?
3, 79
Suppose 8 = 3*r + 23. Let m be -1 - (r - -2)*203. What are the prime factors of m/56*7/2?
2, 19
Suppose 5*z - 51 = -12*z. List the prime factors of 80 - (-3 + z + -2).
2, 41
Let r(j) = 4*j**3 + 19*j**2 + 13*j + 2. Let s(k) = 9*k**3 + 39*k**2 + 27*k + 5. Let i(z) = 13*r(z) - 6*s(z). List the prime factors of i(6).
2, 37
Let l be (-6)/(6*1/(-4)). Suppose -l*o - 20 = b, -2*b - 3*o = 23 + 42. Let j = -16 - b. What are the prime factors of j?
2, 3
Suppose 29 = 2*n + 15. Suppose 10*z - n*z = 291. What are the prime factors of z?
97
Suppose 6*p = -13*p + 66709. List the prime factors of p.
3511
Suppose 2*g + 2*f = 6*g - 1514, -2*g + 5*f = -761. List the prime factors of 2/8 + g/24.
2
Suppose -132*l = -140*l + 8912. What are the prime factors of l?
2, 557
Let q(r) = -3*r**3 + 3*r**2 - 6. Let w be q(-3). Suppose f + 2*s - w = -2*s, 0 = f - 4*s - 62. List the prime factors of f.
2, 41
Suppose -h = -2188 - 1308. What are the prime factors of h?
2, 19, 23
Let t = -49 - 38. Let u = 141 + t. What are the prime factors of u?
2, 3
Let p(j) = -j**2 - 8*j + 12. Let b be p(-9). Suppose -436 = 4*o - b*o. List the prime factors of o/(-16) + 3/(-12).
3
Let k(t) = -3*t - t + 12 - 10. Let s be k(-3). Let f = 4 + s. What are the prime factors of f?
2, 3
Suppose -1186 = 11*c - 3331. What are the prime factors of c?
3, 5, 13
Suppose -3255 = -2*a - 2*q + 1541, 0 = -2*a - 5*q + 4793. What are the prime factors of a?
2399
Suppose 13*r - 1777 - 1408 = 0. Suppose 0 = 2*f + 4*w - 100, -3*w = 5*f + 2*w - r. List the prime factors of f.
2, 3
Let r(m) = -60*m - 21. Let w(q) = 12*q + 4. Let s(t) = -2*r(t) - 11*w(t). List the prime factors of s(-2).
2, 11
Suppose 5*k = 4*g - 4, -20 = 3*g - 8. Let d be -2 - -3 - (-16)/k. Let b(r) = -3*r**3 - 3*r**2 + 4*r + 4. List the prime factors of b(d).
2, 23
List the prime factors of 67 - 48/((-36)/(-6)).
59
Let v be 9/(-3) - (1 + -4). Suppose 5*m + 11 - 281 = v. List the prime factors of m.
2, 3
Suppose 2*n = x + 6906 + 9595, n - 8278 = -5*x. Suppose 5*z - r + n = 0, -3*r + 15 = 2*r. List the prime factors of 8/(-14) + z/(-70).
23
Let w(b) = 75*b**2 - b - 1. Let h(n) = -74*n**2 + n + 1. Let z(i) = 4*h(i) + 5*w(i). What are the prime factors of z(-1)?
79
Let i(s) = -s**2 - 2*s + 1. Let u be i(-4). Let o = 83 - 31. Let r = u + o. List the prime factors of r.
3, 5
Suppose -1022 = -3*m + 2236. List the prime factors of m.
2, 3, 181
Let n = 1332 + -700. Let z = n - 440. What are the prime factors of z?
2, 3
Suppose f - 271 = 4*b, -4*b = 5*f - f - 1124. Suppose -p = -4*p + f. What are the prime factors of p?
3, 31
Let k be 2/(-10) - (-2422)/10. Suppose q = -5*f + k, -5*q + 5*f - 589 = -1739. List the prime factors of q.
2, 29
Suppose -3*o + 12 = -0. Suppose -h + 10 = o*h. List the prime factors of 24 + (5 + 1)/h.
3
Suppose 16*r = 18*r + 106. Let z = -49 - r. What are the prime factors of z?
2
Let z(o) = -6*o**2 - 12*o - 3*o**3 - 9 - 2*o**3 + 4*o**3 + 10*o. List the prime factors of z(-7).
2, 3
Let m(n) = 4*n + 7. Let l be m(5). Let b = 26 - l. What are the prime factors of (b/3)/((-11)/462)?
2, 7
List the prime factors of (-257691)/(-84) + ((-15)/(-4))/(-5).
3067
Suppose 3*h + 1 + 226 = -t, -4*t + 4 = 0. Let u = -15 - h. What are the prime factors of u?
61
Let l(a) = 2*a**2 - 66*a + 111. What are the prime factors of l(32)?
47
Suppose o - 9 = -2*g, 33 = 5*o - g - 1. Suppose 0 = -o*c + 64 + 244. List the prime factors of 4 + c + 0 - -2.
2, 5
Suppose -5*w - 47 = -2*x - 0*x, -3*w = 3. Suppose 2*p + p + x = 0. List the prime factors of 6 + -3 + (-2 - p).
2
Let o(a) = 18*a**3 - 3*a**2 - 5*a + 21. What are the prime factors of o(3)?
3, 5, 31
Let b(d) = -42*d - 453. What are the prime factors of b(-18)?
3, 101
Let p(v) = 7*v. Let s be p(4). Suppose 3*h + 4*h - s = 0. Suppose 4*r - 2*x = 148 + 84, x = -h*r + 220. What are the prime factors of r?
2, 7
Suppose 20*c - 21*c + 493 = 0. List the prime factors of c.
17, 29
Suppose -2*r = -121 + 25. What are the prime factors of r?
2, 3
Let l = 784 - -305. List the prime factors of l.
3, 11
Let a(i) = -89*i + 4. Let y(m) = 6*m - 1. Let n be y(0). List the prime factors of a(n).
3, 31
Suppose -o + 11 = 3*q, 2*q + 5*o + 9 = 25. What are the prime factors of 246 + q + 1 + -2?
2, 31
Suppose -m + 162 = -4*m - 4*w, 5*m = -3*w - 281. Let u be (-30)/(-4)*(-24)/(-2). Let h = m + u. List the prime factors of h.
2
Suppose 2*i - i - 3 = -l, 3 = 3*i - 3*l. Suppose 3*f - 174 = -x, -2*f + i*x + 124 = -0*x. List the prime factors of f.
59
Let t(b) = 2*b**3 + 10*b**2 + b - 6. Let u(r) = 3*r**3 + 11*r**2 + 2*r - 5. Let x(k) = 4*t(k) - 3*u(k). What are the prime factors of x(5)?
31
Suppose 5*h + 363 = -m + 2*h, 4*m + 1367 = 5*h. Let q = -157 - m. List the prime factors of q.
191
Suppose -5*q + 4 = -3*q. Suppose -4*l = -q*l - 70. What are the prime factors of l/(0 + (-2)/(-2))?
5, 7
What are the prime factors of ((-104)/24 - -8)*687?
11, 229
Let t be (2/(-4) + 1)*-2. Let h be -2*-1*t/2. List the prime factors of (-16 - (-1 - 1))/h.
2, 7
Suppose 5*g + 4*u - 14 = 0, 2 = 4*g - 4*u - 2. Let n = 5 - g. Suppose n*o - 66 = 24. List the prime factors of o.
2, 3, 5
Let z = -9194 - -14123. What are the prime factors of z?
3, 31, 53
Suppose u - 496 = -4*c + 18, 522 = u + 2*c. What are the prime factors of u?
2, 5, 53
Let u = 210 + -26. Let x = 7